3, 227, 20903
List the prime factors of 2101699621.
7, 42891829
List the prime factors of 165240831.
3, 7, 311, 25301
List the prime factors of 21133308.
2, 3, 7, 127, 283
List the prime factors of 2265527541.
3, 43, 17562229
What are the prime factors of 802764277?
7, 47, 941, 2593
What are the prime factors of 251453333?
251453333
List the prime factors of 25279678.
2, 12639839
List the prime factors of 114501238.
2, 57250619
What are the prime factors of 131348814?
2, 3, 23, 951803
What are the prime factors of 55858013?
631, 88523
What are the prime factors of 590411745?
3, 5, 7, 11, 170393
List the prime factors of 600628946.
2, 23, 13057151
What are the prime factors of 100633856?
2, 53, 7417
List the prime factors of 697869995.
5, 59, 1259, 1879
List the prime factors of 677992850.
2, 5, 23, 25633
List the prime factors of 398552500.
2, 5, 159421
What are the prime factors of 2599186?
2, 59, 22027
List the prime factors of 3708818816.
2, 23, 29, 43441
What are the prime factors of 646018339?
179, 3609041
What are the prime factors of 1221769702?
2, 17, 35934403
List the prime factors of 808267745.
5, 161653549
List the prime factors of 1436178012.
2, 3, 41, 2919061
What are the prime factors of 802053030?
2, 3, 5, 17, 79, 1171
List the prime factors of 232964468.
2, 11, 53, 283, 353
What are the prime factors of 36041170?
2, 5, 11, 327647
What are the prime factors of 54480831?
3, 18160277
What are the prime factors of 89582469?
3, 17, 1756519
What are the prime factors of 22816472?
2, 7, 407437
List the prime factors of 1107938804.
2, 7, 37, 152777
What are the prime factors of 2261915960?
2, 5, 17, 3326347
List the prime factors of 1688020954.
2, 2591, 325747
List the prime factors of 28713200.
2, 5, 23, 3121
List the prime factors of 365426604.
2, 3, 41, 247579
What are the prime factors of 704662600?
2, 5, 3523313
What are the prime factors of 1656087513?
3, 577, 956723
List the prime factors of 403410427.
7, 71, 811691
What are the prime factors of 180164009?
180164009
List the prime factors of 1984462.
2, 992231
List the prime factors of 376773863.
12547, 30029
List the prime factors of 1032117099.
3, 13, 26464541
What are the prime factors of 1047154204?
2, 157, 1667443
What are the prime factors of 6147410824?
2, 2897, 265249
List the prime factors of 81900790.
2, 5, 47, 174257
List the prime factors of 917449142.
2, 458724571
What are the prime factors of 530681607?
3, 67, 880069
What are the prime factors of 2402152548?
2, 3, 1367, 146437
List the prime factors of 2262421690.
2, 5, 3329, 67961
List the prime factors of 3492419726.
2, 33503, 52121
What are the prime factors of 598111467?
3, 43, 1453, 3191
List the prime factors of 5524387775.
5, 220975511
List the prime factors of 1921652595.
3, 5, 4909, 8699
List the prime factors of 124600998.
2, 3, 20766833
What are the prime factors of 13517773?
13517773
What are the prime factors of 299786290?
2, 5, 3943, 7603
List the prime factors of 62078028.
2, 3, 1093, 4733
What are the prime factors of 372324797?
13, 107, 267667
What are the prime factors of 7273918?
2, 353, 10303
List the prime factors of 1076338999.
19, 53, 1068857
List the prime factors of 243030877.
243030877
What are the prime factors of 1534270231?
13, 37, 61, 52291
List the prime factors of 113121679.
11, 10283789
What are the prime factors of 199681060?
2, 5, 61, 163673
List the prime factors of 5358863012.
2, 17, 23, 3426383
List the prime factors of 473621361.
3, 211, 748217
What are the prime factors of 2308057739?
13, 2027, 87589
What are the prime factors of 806909991?
3, 268969997
List the prime factors of 7393648.
2, 462103
List the prime factors of 1989640850.
2, 5, 39792817
List the prime factors of 416541.
3, 43, 3229
What are the prime factors of 100743051?
3, 1873, 17929
List the prime factors of 5300308916.
2, 7, 9743, 19429
List the prime factors of 69669319.
69669319
What are the prime factors of 21412704?
2, 3, 223049
List the prime factors of 55602507.
3, 18534169
List the prime factors of 7105907157.
3, 3461, 684379
What are the prime factors of 36785688?
2, 3, 17, 29, 3109
What are the prime factors of 1357008564?
2, 3, 131, 137, 6301
What are the prime factors of 20461235?
5, 4092247
What are the prime factors of 70043414?
2, 7, 5003101
What are the prime factors of 2057282309?
1409, 1460101
List the prime factors of 254038799.
7, 79, 459383
List the prime factors of 2161532221.
179, 12075599
What are the prime factors of 184648398?
2, 3, 11, 109, 25667
What are the prime factors of 160058332?
2, 7, 17, 31, 10847
List the prime factors of 97550385.
3, 5, 79, 191, 431
List the prime factors of 1002850663.
1002850663
List the prime factors of 1033783912.
2, 7, 313, 58979
List the prime factors of 112913616.
2, 3, 131, 17957
List the prime factors of 32211606.
2, 3, 7, 766943
List the prime factors of 160006214.
2, 569, 140603
What are the prime factors of 558753988?
2, 13, 103, 104323
What are the prime factors of 52619117?
829, 63473
What are the prime factors of 200353387?
13, 1185523
List the prime factors of 187559312.
2, 89, 131713
List the prime factors of 1385297080.
2, 5, 659, 52553
What are the prime factors of 1208599379?
13, 92969183
What are the prime factors of 8778935?
5, 11, 159617
What are the prime factors of 231181328?
2, 7, 37, 55787
What are the prime factors of 330145320?
2, 3, 5, 97, 113, 251
What are the prime factors of 742592302?
2, 103, 3604817
List the prime factors of 604807197.
3, 571, 353069
List the prime factors of 24907607.
29, 858883
What are the prime factors of 191977517?
73, 2629829
What are the prime factors of 3302565493?
157, 21035449
What are the prime factors of 742935013?
742935013
List the prime factors of 17579255.
5, 37, 167, 569
List the prime factors of 777604149.
3, 7, 61, 202343
List the prime factors of 3887897194.
2, 2437, 797681
What are the prime factors of 3104505963?
3, 13, 26534239
List the prime factors of 70631062.
2, 35315531
List the prime factors of 42597245.
5, 139, 61291
List the prime factors of 4601378265.
3, 5, 11, 27887141
What are the prime factors of 740359586?
2, 19, 809, 24083
List the prime factors of 144061485.
3, 5, 17, 71, 73, 109
What are the prime factors of 11092201?
11092201
List the prime factors of 116941509.
3, 4331167
List the prime factors of 16051649.
16051649
What are the prime factors of 5885504477?
23, 73, 3505363
What are the prime factors of 784930739?
127, 6180557
What are the prime factors of 151083082?
2, 75541541
What are the prime factors of 19148172?
2, 3, 89, 17929
What are the prime factors of 2470882768?
2, 154430173
List the prime factors of 155687866.
2, 77843933
What are the prime factors of 76362368?
2, 17, 19, 1847
List the prime factors of 1167590343.
3, 12097, 32173
List the prime factors of 953146817.
7, 136163831
What are the prime factors of 3631982262?
2, 3, 5413, 111829
What are the prime factors of 405910545?
3, 5, 701, 38603
What are the prime factors of 1068557387?
1068557387
What are the prime factors of 113718823?
61, 97, 19219
List the prime factors of 162741033.
3, 7, 13, 109, 1823
What are the prime factors of 113669936?
2, 293, 24247
What are the prime factors of 765442305?
3, 5, 1889981
What are the prime factors of 3742984341?
3, 41, 10143589
List the prime factors of 1765890812.
2, 7, 9009647
What are the prime factors of 86443337?
641, 134857
What are the prime factors of 547580534?
2, 59, 1693, 2741
List the prime factors of 433091595.
3, 5, 107, 149, 1811
List the prime factors of 18446984.
2, 31, 74383
List the prime factors of 15864251.
13, 1220327
List the prime factors of 147877057.
19, 1489, 5227
List the prime factors of 32951966.
2, 19, 103, 8419
List the prime factors of 491050969.
14843, 33083
What are the prime factors of 75841322?
2, 29, 269, 4861
List the prime factors of 21902166.
2, 3, 11, 13, 67, 127
List the prime factors of 261539654.
2, 130769827
List the prime factors of 3266437.
23, 142019
What are the prime factors of 5930809610?
2, 5, 11, 167, 499, 647
List the prime factors of 171190855.
5, 11, 19, 163819
List the prime factors of 46415900.
2, 5, 173, 2683
List the prime factors of 68112386.
2, 127, 229, 1171
What are the prime factors of 